. Calculate the greatest common factor of 84 and i.
12
Suppose 2*s + 12 = 3*s. Let w be ((-6)/15)/((-2)/90). What is the greatest common factor of w and s?
6
Let w be 4 + (-21)/(-28)*4. Let r = 106 + -57. What is the greatest common factor of r and w?
7
Let l = 113 - 77. What is the greatest common factor of l and 9?
9
Suppose -300 = -2*n - n. Let y be (-1)/(-3) + n/15. What is the highest common factor of 49 and y?
7
Let p be (-5 - (-185)/35) + (-82)/(-7). Let k(v) = -v**3 - 11*v**2 + v - 8. Let u be k(-7). Let z = u + 319. Calculate the greatest common factor of p and z.
12
Suppose -4*j = 3*l - 130 - 25, 0 = -2*l + 2*j + 80. What is the greatest common factor of 135 and l?
45
Let m be 16/4 - 1 - -4. What is the highest common divisor of 49 and m?
7
Let z(u) = -50*u - 1. Let j be z(-2). What is the highest common divisor of 9 and j?
9
Suppose -3*c - 1125 = -5*i + 2*c, 5*c - 1125 = -5*i. Calculate the highest common factor of i and 45.
45
Let c be 0 + -1 - -1*7. Suppose 2*t - c = -t. Suppose t*d = -2 + 14. What is the highest common divisor of 3 and d?
3
Let g(y) = y**2 - 10*y + 13. Let d be g(10). What is the highest common divisor of 26 and d?
13
Suppose 43 = 2*c + 3*k, 62 = 3*c + k + 1. What is the greatest common divisor of 4 and c?
4
Let r = 360 + -200. What is the highest common factor of 20 and r?
20
Let h(p) = 2*p**2 + 14*p - 12. Let b be h(5). Calculate the highest common divisor of b and 12.
12
Let z(n) = -n**3 + 2*n**2 - 3. Let d be (-2)/(-5) - 85/25. Let k be z(d). What is the highest common factor of k and 6?
6
Let o be (-8)/14 - 7/(147/(-222)). Calculate the greatest common divisor of 110 and o.
10
Let d(n) = -n**3 - 7*n**2 + 5*n - 10. Let h be d(-8). What is the highest common divisor of 2 and h?
2
Let y = 16 - -18. Calculate the greatest common divisor of y and 17.
17
Let t be 4202/10 + 1/(-5). Suppose -2*h + 6*h - t = 0. What is the highest common divisor of 15 and h?
15
Let c(v) = v**2 + 3*v - 3. Let g be c(-4). Let d be g*2/4*38. Suppose 5*w = -4*h + 5*h - 72, 3*h = 4*w + 183. Calculate the highest common factor of d and h.
19
Let d be (-12)/(-2) - (-2 + 4). Suppose z - 60 = -d*z. Let i(s) = -s + 15. Let y be i(9). Calculate the highest common factor of y and z.
6
Suppose 0*b + 130 = 5*b. What is the greatest common divisor of b and 26?
26
Suppose -3*j = -5*d - 319, -7*j - 109 = 2*d - 2*j. Let g = -44 - d. Calculate the greatest common divisor of 6 and g.
6
Let p(j) be the first derivative of -33*j**4/4 - 2*j**3/3 + j**2 + j - 1. Let a be p(-2). Calculate the greatest common factor of a and 23.
23
Suppose 2*u = 5*u - 39. Let g(x) = x**3 - 14*x**2 + 16*x - 7. Let q be g(u). What is the highest common divisor of q and 4?
4
Let q be (-2)/((-684)/(-692) + -1). Suppose q = 4*f + t, 2*f + 0*f - 3*t - 69 = 0. Calculate the highest common factor of 28 and f.
14
Suppose -4*w = -107 - 109. What is the highest common factor of 12 and w?
6
Suppose 0 = -5*n + 77 + 3. Calculate the greatest common factor of n and 48.
16
Suppose -4*b - 457 = -2*k + 307, 2*b = -3*k + 1106. Calculate the highest common divisor of 12 and k.
12
Let g(w) = w**3 + 3*w**2 - 7*w - 10. Let j be g(-4). Let h be (2 - (0 + 42)) + 2. Let d be (0 - j) + -1 - h. What is the greatest common factor of d and 14?
7
Let n(t) = 12*t**2 + 6*t - 16. Let m(a) = 4*a**2 + 2*a - 5. Let h(o) = 10*m(o) - 3*n(o). Let f be h(2). Calculate the highest common factor of 2 and f.
2
Let g = 57 - 53. What is the greatest common divisor of 10 and g?
2
Suppose 20 = 6*a - a. Let c be ((-3)/a)/(2/(-40)). Suppose -4*m - 3 = -c. What is the greatest common factor of m and 3?
3
Suppose -4*o + 176 = -256. Let v be 3/((-9)/(-10))*18. Suppose 2*g - 18 = 2*j, -4*j = 2*g + 2*g - v. Calculate the greatest common factor of g and o.
12
Let j(c) = -3*c - 11. Let d be -5 + -1 - (4 + -3). Let b be j(d). What is the highest common factor of b and 25?
5
Let k(l) = -2*l + 8. Let v be k(6). Let g = 145 + v. Let q be g/27 - (-6)/(-27). Calculate the highest common divisor of q and 25.
5
Let d(y) = -y**3 + 7*y**2 - 6*y + 9. Let p be d(6). Let f be 5/15*1*p. Suppose 0*j - f*j + 150 = 0. What is the greatest common factor of 10 and j?
10
Suppose 22*s - 24*s = -136. Calculate the highest common factor of 34 and s.
34
Let h be 6*3/(-2)*-1. Suppose 0 = -0*c - 2*c + 10. Let o = 14 - c. What is the greatest common divisor of h and o?
9
Let w(i) = -i**2 + 9*i + 14. Let h be w(10). Calculate the greatest common divisor of h and 32.
4
Suppose 3*h + d - 21 = 2*d, 3*d = 2*h - 14. What is the highest common factor of 7 and h?
7
Suppose 0*c + 2*c = -5*v + 536, -2*c = -2*v + 220. Let j(g) = -g + 6. Let s be j(-6). Calculate the highest common divisor of s and v.
12
Let r = 71 + -31. Calculate the highest common factor of 8 and r.
8
Suppose 18 = o + o. What is the highest common factor of 9 and o?
9
Suppose 63 = -4*o + 2*p - 87, -3*o - 123 = -5*p. Let a be (o/14)/((-6)/28). Let k = 36 + 48. Calculate the greatest common factor of k and a.
12
Suppose 2*m = -m + 465. Let g = m - 110. Calculate the highest common divisor of g and 5.
5
Let j be ((-10)/6)/(7/(-252)). Let x = j - 38. Calculate the greatest common factor of 2 and x.
2
Let r(c) = c**3 - 3*c**2 + c + 192. Let a be r(0). Calculate the greatest common divisor of a and 12.
12
Suppose 3*d + 1 = 2*l, -5*l = -0*l + 2*d - 50. Calculate the highest common factor of l and 12.
4
Let o be 4 + (1 - 2) + (42 - -3). Calculate the highest common divisor of o and 72.
24
Suppose -4*d + 8*d + 4*k = -100, 4*k = -12. Let g = 64 + d. What is the greatest common divisor of g and 14?
14
Let o be (-570)/(-42) - 8/14. Let x(y) = 92*y - 1. Let b be x(1). Calculate the greatest common factor of o and b.
13
Suppose -4*q = 5*y - 8 - 21, -3*y = 5*q - 20. What is the greatest common factor of 1 and y?
1
Suppose -7*f - 16 = -9*f. What is the greatest common factor of 24 and f?
8
Let l = 5 + 1. What is the highest common divisor of l and 4?
2
Let c = 19 + -12. What is the highest common divisor of 42 and c?
7
Let z(q) = -40*q. Let d be z(-1). Let u = -53 + 77. Let r = u + d. Calculate the highest common divisor of r and 8.
8
Let i(l) = -l**3 + 14*l**2 + 5*l - 10. Let c be i(14). Suppose 30 + c = 5*r. What is the greatest common factor of 126 and r?
18
Suppose 0 = 34*y - 29*y - 75. What is the highest common divisor of 75 and y?
15
Suppose -3*l = -3*o - 15, 3*l - l - 5*o = 25. Suppose -78 = 3*d - l*d. Let b = -17 - d. What is the highest common divisor of b and 99?
9
Let r = -37 + 125. Calculate the greatest common divisor of r and 11.
11
Let z(x) = x**3 - 5*x**2 - 5*x - 2. Let d be z(5). Let b be (-6)/4*1260/d. Let g = b + 26. Calculate the greatest common factor of 12 and g.
12
Let p = -20 + 31. Let k(b) = b**2 - b + 218. Let n be k(0). Suppose -58 = -t + 2*a, 0*a = -3*t - 5*a + n. What is the greatest common factor of p and t?
11
Let h(w) = 2*w - 6. Let v be h(5). What is the highest common divisor of 4 and v?
4
Let n be (-2 - 32/(-6))*3. Suppose -2*c + 205 = 5*h, 2*h = 1 - 7. What is the greatest common divisor of c and n?
10
Suppose -2*k = -0*k - 4. Calculate the greatest common factor of 26 and k.
2
Suppose s - 6 = 5*c, 2*s + 4*c = 35 + 33. Let r(q) = -q + 13. Let z be r(0). What is the highest common divisor of z and s?
13
Suppose 0 = -2*x + 1 + 7. Let w(g) = -2*g + 1. Let f be w(1). Let p be (4/(-8))/(f/x). Calculate the greatest common divisor of 6 and p.
2
Let p be 6 + (-2 - -2)/1. What is the greatest common factor of p and 3?
3
Suppose 7 = 5*h - 13. Suppose -t + 2*p = -98, -h*t + t - p + 294 = 0. What is the greatest common divisor of 14 and t?
14
Let x(n) = n**3 - 5*n**2 + 4*n - 12. Let d be x(6). Calculate the greatest common factor of 12 and d.
12
Let k(m) = 4*m - 10. Let s be k(4). Let u(h) = h**3 - 6*h**2 + 5*h + 5. Let d be u(s). Calculate the greatest common divisor of d and 5.
5
Let q = -1 + 26. What is the highest common factor of q and 25?
25
Let a be (1 - 16)/(6/(-20)). Let m = 73 + -63. What is the highest common factor of a and m?
10
Let n = -74 + 178. What is the greatest common factor of n and 13?
13
Suppose 0 = 3*d - 6*d - 30. Let b = -9 - d. Suppose -4*z = -i - 24, 21 = z - 2*i - 2*i. Calculate the greatest common factor of b and z.
1
Let p = 37 - 89. Let d be 1 + 2 + (-3 -